is the remainder when 80 is divided by r?
8
Suppose 5*l - 177 = -g, 4*l + 3*g + 0*g - 146 = 0. Suppose 3*q = -44 - 25. Let j = l + q. What is the remainder when 45 is divided by j?
9
Let t(r) = -r + 82. Let m be (-1)/(-2)*-2*0. Calculate the remainder when t(m) is divided by 22.
16
Let f = 1373 - 1361. What is the remainder when 49 is divided by f?
1
Suppose -24*z - 205 = -5293. Calculate the remainder when z is divided by -2*2*(-43)/4.
40
Suppose 0 = -9*m + 71 - 17. Suppose 0*o + 522 = m*o. What is the remainder when o is divided by 22?
21
Let n(z) = 4*z**3 + z**2 + 3*z - 3. Calculate the remainder when -102*-1*18/12 is divided by n(2).
36
Let y be 18/(-6) - (-26)/4*-2. Let d(k) = k**2 + 16*k + 4. What is the remainder when 4 is divided by d(y)?
0
Let u(h) = 3*h**2 - 12*h + 13. Let j(q) = q**2 + 1. Let m(p) = 2*j(p) - u(p). What is the remainder when 29 is divided by m(9)?
13
Let m = 14 + 58. Suppose 0 = -4*h + m. What is the remainder when 69 is divided by h?
15
Suppose -u = 2*v - 162, 2*u - 799 = -3*u + v. What is the remainder when u is divided by 15?
10
Suppose 4 = -o, -z + 4*z + 5*o = 409. What is the remainder when z is divided by 18?
17
Suppose 72*u = 77*u - 65. What is the remainder when u is divided by 4?
1
Let b(k) = k + 40*k**2 - 1 + 27*k**2 + 1. Let g(l) = l**3 + 8*l**2 + 8*l - 1. What is the remainder when b(1) is divided by g(-6)?
22
Let x(c) = -c + 14. Let j be x(15). Calculate the remainder when 4 is divided by j/((40/15)/(-8)).
1
Suppose -s = -4*z - 31 + 5, 2*s - 5*z = 37. Let n(p) = 2*p**2 - 5*p - 10. What is the remainder when 60 is divided by n(s)?
28
Suppose 4*w - 73 = 5*t, -t = 3*w - 10 - 40. What is the remainder when 2/6 + (-167)/(-3) is divided by w?
5
Let i(k) = -k**2 - 21*k + 74. Calculate the remainder when i(-10) is divided by 62.
60
Suppose 14 = -6*i + 7*i. Calculate the remainder when i is divided by (-1 + -5)/((-93)/124).
6
Let d(w) = -w**3 + 3*w**2 - 12. Let c(k) = 4*k**3 - 9*k**2 + 37. Let t(i) = 2*c(i) + 7*d(i). What is the remainder when t(3) is divided by 15?
14
Suppose -2*g = -5*x + 200, 0 = 2*x - 3*g + 7*g - 80. Calculate the remainder when 117 is divided by x.
37
Suppose 0 = 4*u - 0*u. Suppose 3 = o - u. Suppose 5*l + 7 = -3, o*m - 125 = -2*l. What is the remainder when m is divided by 11?
10
Suppose 276 + 252 = 44*l + 4*l. Calculate the remainder when (162/5)/(1/5) is divided by l.
8
Let f(h) be the second derivative of h**4/12 - h**3/3 - 2*h**2 + h. Calculate the remainder when 79 is divided by f(6).
19
Let m be -10 - -48 - (1 - 2). Suppose -14*y - 3 = -15*y. Let x = y + m. Calculate the remainder when 165 is divided by x.
39
Let a = 15 + -5. What is the remainder when 627 is divided by a?
7
Let y(h) = -h**3 - 5*h**2 + 8. What is the remainder when 24 - (1 - (2 - 3)) is divided by y(-5)?
6
Let n(p) = 7*p**2 - 11*p + 12. Let b(s) = 15*s**2 - 22*s + 24. Let u(h) = 6*b(h) - 13*n(h). What is the remainder when 71 is divided by u(6)?
17
Let u(n) = 9*n**2 + 5*n - 4. Calculate the remainder when 28 is divided by u(1).
8
Let p = -162 + 212. What is the remainder when 144 is divided by p?
44
Let k = 23 - 7. Suppose -w + k = w. Let f(a) = -a**2 + 9*a + 2. What is the remainder when 28 is divided by f(w)?
8
Suppose -12 = 4*t, 2*t + 74 = 5*b - b. What is the remainder when b is divided by 14?
3
Suppose 2*k - 4*k + 2*m + 56 = 0, -5*k - 4*m + 95 = 0. Calculate the remainder when 39 is divided by k.
16
Let t be 1 + (3 - 3) + 0. Suppose t = 3*h - 14. Let x = h + 15. What is the remainder when 78 is divided by x?
18
Suppose -3*q + 49 = -2*d, -q - 5 = -3*d - 19. What is the remainder when 78 is divided by q?
10
Let f = 25 + -5. Suppose -12 = -3*y - 0*y. Let z(w) = 3*w**2 - 9. What is the remainder when z(y) is divided by f?
19
Let n(r) = r + 12*r**2 - 2*r**2 + 3 + 15*r**2. What is the remainder when n(-2) is divided by 21?
17
Suppose 4*h + x + 149 - 734 = 0, 0 = -3*h - 2*x + 445. Suppose 4*a - h = -a. Let s = -35 + 50. What is the remainder when a is divided by s?
14
Suppose -228 = -4*v + 460. Calculate the remainder when v is divided by 36.
28
Let g be 3/(-7) - (-12)/28. Suppose 0 = 5*k + 5, g = 4*c + 2*k - 242 + 16. What is the remainder when c is divided by 16?
9
Suppose -2*o = 11*o - 195. Let i = 53 - 11. What is the remainder when i is divided by o?
12
Suppose 5*u = u, u - 107 = -z. Let y = -51 - -88. Calculate the remainder when z is divided by y.
33
Let i = -348 - -428. Calculate the remainder when i is divided by -14*4/(24/(-9)).
17
Let d(i) = 3*i - 12 + 24*i - i + i. Let v be d(7). Suppose -4*f + v = -f. Calculate the remainder when f is divided by 20.
19
Calculate the remainder when 209 is divided by (77/(-21))/(-2*3/90).
44
Calculate the remainder when 160 is divided by (46/(-10))/((-41)/205).
22
Let w = 38 + -32. Suppose 0 = s - w. Let d(f) = f**2 - 5*f + 6. Calculate the remainder when 46 is divided by d(s).
10
Suppose q + 2*l = 28, q + 2*l - 32 = -2*l. Suppose 0 = d + 3*c - 84, -5*d + 13*c = 11*c - 471. Calculate the remainder when d is divided by q.
21
Suppose c = 2*c + 6. Let q be ((-2)/c)/(2/(-30)). What is the remainder when (0 - q)*28/10 is divided by 5?
4
Let f(j) be the third derivative of 0*j + 0 + 17/24*j**4 + 7*j**2 - 1/3*j**3. What is the remainder when 59 is divided by f(1)?
14
Let l be (30/(-8))/((-9)/60). Let f = l + -18. Let n(b) = b**3 + 4*b**2 - 3*b - 1. What is the remainder when n(-4) is divided by f?
4
Let l(s) = -2*s**2 - 41*s + 34. What is the remainder when 538 is divided by l(-20)?
52
Suppose -6*r - 86 = -8*r. Calculate the remainder when r is divided by 11.
10
Suppose 2*o - 3*o + 55 = 0. What is the remainder when o is divided by (-10)/(-4)*(2/10 + (-81)/(-15))?
13
Let c(d) = -7*d**2 + 105*d - 3. What is the remainder when c(9) is divided by 29?
27
Let c be (10/20)/((-1)/24). Let n(j) = j**3 - 4*j**2 - 4*j - 1. What is the remainder when n(6) is divided by (-4)/c*39 + -1?
11
Suppose 39*m = 23*m + 22784. Calculate the remainder when m is divided by 46.
44
Suppose x - b = 37, 3*x + 2*b - 81 = -b. Let l(c) = c**3 + 4*c**2 + c - 3. Let h(j) = 6*j + 45. Let o be h(-7). What is the remainder when l(o) is divided by x?
31
Let j(x) = -x**2 - 37*x + 294. What is the remainder when j(-37) is divided by 74?
72
Let t(d) = 3*d**2 - 4*d - 3. Let p be t(-3). Suppose -5*a + 102 = -3*g + p, 2*g + 4 = 0. What is the remainder when 19 is divided by a?
7
Let s(j) = -j**2 - 16*j - 19. Let x = 80 + -86. What is the remainder when 81 is divided by s(x)?
40
Let i = 893 - 791. Calculate the remainder when i is divided by 53.
49
Let j(s) = -s**3 - 10*s**2 - 19*s + 19. Calculate the remainder when 29 is divided by j(-7).
4
Suppose 7*i - 2*i = 0. Suppose -4*u = -i*n - 2*n - 22, 0 = -4*u - 3*n + 17. Calculate the remainder when ((-46)/(-8))/(u/40) is divided by 16.
14
Let d(c) = 2*c**3 + 13*c**2 - 6*c + 9. Let t be d(-7). Suppose -7 - 23 = -t*i. Calculate the remainder when i is divided by 4.
3
Let x = 16 + -9. Suppose -x - 9 = -4*v. Suppose -v*f + 98 = 2*r, -r + f = 2*f - 48. What is the remainder when r is divided by 16?
15
What is the remainder when 117 is divided by (21/4)/(12*(-7)/(-560))?
12
Let g(a) = a**2 - 3*a + 3. Suppose 4*p = -5 + 13. Suppose 5*n + 20 = 4*o, -p*o + 10 = -0*o - 2*n. What is the remainder when g(o) is divided by 5?
3
Suppose 31*h - 1122 = -20*h. What is the remainder when 71 is divided by h?
5
Calculate the remainder when 1033 is divided by 79 - 3/(12/20).
71
Let l(a) = -a**2 + 10*a - 16. Let b be l(5). Let x be 4/(-6) - 210/b. Let r = x + 26. What is the remainder when 5 is divided by r?
1
Calculate the remainder when 15 is divided by (128/96)/(1/6).
7
Suppose 20*z - 23*z - 15 = 0. Let i = z + 29. Suppose i = k + 4. Calculate the remainder when k is divided by 12.
8
Let m(x) = -x**2 + 24*x - 3. What is the remainder when m(20) is divided by 8?
5
Let u(z) = z**2 + 2*z - 5. Let x be u(-7). Suppose -x*h = -28*h - 18. What is the remainder when 21 is divided by h?
3
Calculate the remainder when 46 is divided by 40/18 + (-168)/756.
0
What is the remainder when 18 is divided by (-280)/14*(-4)/10?
2
Let k be 2/6 - (-106)/6. Suppose -4*m + k = 10. Calculate the remainder when (-822)/(-30) - m/5 is divided by 10.
7
Suppose -3*c + 290 = 2*c. Let y(t) = t**3 + 12*t**2 + 14*t + 15. Let w 